 the billions digit of 2976248624?
2
What is the billions digit of 1025477696?
1
What is the hundred thousands digit of 345158357?
1
What is the billions digit of 1013759477?
1
What is the thousands digit of 18845942?
5
What is the hundreds digit of 119124311?
3
What is the ten millions digit of 45444052?
4
What is the hundred thousands digit of 310857221?
8
What is the ten millions digit of 4661774629?
6
What is the ten thousands digit of 1374337458?
3
What is the ten millions digit of 1785420475?
8
What is the tens digit of 579667138?
3
What is the ten thousands digit of 58415079?
1
What is the thousands digit of 49565520?
5
What is the hundred millions digit of 1316279988?
3
What is the hundreds digit of 42069973?
9
What is the billions digit of 3389820566?
3
What is the hundreds digit of 50572182?
1
What is the ten thousands digit of 79611439?
1
What is the ten millions digit of 292287304?
9
What is the hundreds digit of 36148226?
2
What is the ten millions digit of 2420010602?
2
What is the thousands digit of 17457393?
7
What is the thousands digit of 57164941?
4
What is the hundred thousands digit of 83192886?
1
What is the units digit of 2020900776?
6
What is the hundred thousands digit of 1597882736?
8
What is the millions digit of 324070400?
4
What is the hundred millions digit of 1830499326?
8
What is the thousands digit of 612558483?
8
What is the ten millions digit of 591218063?
9
What is the hundred thousands digit of 3991807728?
8
What is the hundred thousands digit of 60677732?
6
What is the ten millions digit of 41640143?
4
What is the millions digit of 1953471267?
3
What is the thousands digit of 1507231061?
1
What is the hundred thousands digit of 1077830112?
8
What is the units digit of 207779215?
5
What is the ten thousands digit of 2095458?
9
What is the hundreds digit of 1074619752?
7
What is the millions digit of 1655626221?
5
What is the hundred thousands digit of 737060170?
0
What is the ten thousands digit of 456922631?
2
What is the tens digit of 865852882?
8
What is the thousands digit of 204621823?
1
What is the millions digit of 183911441?
3
What is the units digit of 4117003476?
6
What is the ten thousands digit of 417481183?
8
What is the hundreds digit of 20339735?
7
What is the hundred thousands digit of 748919177?
9
What is the units digit of 338411891?
1
What is the ten millions digit of 121415444?
2
What is the ten thousands digit of 28904721?
0
What is the ten thousands digit of 3571461224?
6
What is the thousands digit of 44274098?
4
What is the hundred millions digit of 156916352?
1
What is the hundreds digit of 111252657?
6
What is the hundred thousands digit of 1029752292?
7
What is the ten thousands digit of 3270323?
7
What is the ten millions digit of 608234439?
0
What is the units digit of 4154909411?
1
What is the tens digit of 32395009?
0
What is the ten millions digit of 35534243?
3
What is the ten millions digit of 74725554?
7
What is the units digit of 148812860?
0
What is the hundreds digit of 143123898?
8
What is the hundred thousands digit of 662786017?
7
What is the tens digit of 33388782?
8
What is the thousands digit of 43649662?
9
What is the units digit of 72234843?
3
What is the hundreds digit of 3776922?
9
What is the hundred thousands digit of 6190511795?
5
What is the units digit of 392667679?
9
What is the tens digit of 1000316825?
2
What is the ten thousands digit of 497110162?
1
What is the ten millions digit of 608414267?
0
What is the tens digit of 8581403139?
3
What is the ten thousands digit of 191593626?
9
What is the ten thousands digit of 67608900?
0
What is the hundreds digit of 73828356?
3
What is the thousands digit of 78364157?
4
What is the units digit of 4361841814?
4
What is the units digit of 45842412?
2
What is the units digit of 2114322759?
9
What is the ten millions digit of 65799064?
6
What is the hundred thousands digit of 1510243437?
2
What is the hundred thousands digit of 138038410?
0
What is the units digit of 4163170287?
7
What is the ten millions digit of 1039371670?
3
What is the units digit of 220490640?
0
What is the millions digit of 4772296782?
2
What is the units digit of 1094816947?
7
What is the hundreds digit of 77583545?
5
What is the tens digit of 95159964?
6
What is the millions digit of 270769112?
0
What is the millions digit of 243983283?
3
What is the ten millions digit of 261885486?
6
What is the hundred thousands digit of 40834271?
8
What is the millions digit of 220681997?
0
What is the millions digit of 563193166?
3
What is the ten thousands digit of 1580257780?
5
What is the tens digit of 103581831?
3
What is the units digit of 269705419?
9
What is the ten millions digit of 18712372?
1
What is the hundreds digit of 69438335?
3
What is the units digit of 2812100244?
4
What is the hundreds digit of 16563033?
0
What is the billions digit of 5446671677?
5
What is the thousands digit of 534954807?
4
What is the ten thousands digit of 139685151?
8
What is the ten thousands digit of 136443665?
4
What is the ten thousands digit of 55645577?
4
What is the millions digit of 6236452730?
6
What is the ten millions digit of 6711829885?
1
What is the hundred thousands digit of 554741005?
7
What is the hundreds digit of 30787813?
8
What is the thousands digit of 259294632?
4
What is the ten thousands digit of 27628066?
2
What is the millions digit of 70887756?
0
What is the tens digit of 1572400124?
2
What is the hundred millions digit of 2247126739?
2
What is the ten millions digit of 119595437?
1
What is the thousands digit of 652544336?
4
What is the tens digit of 2684438546?
4
What is the ten thousands digit of 4600458484?
5
What is the ten millions digit of 149391476?
4
What is the ten millions digit of 157873259?
5
What is the tens digit of 17311275?
7
What is the hundred millions digit of 1189766327?
1
What is the ten thousands digit of 15205267?
0
What is the units digit of 262871722?
2
What is the units digit of 1210418074?
4
What is the thousands digit of 1102370646?
0
What is the units digit of 1222356558?
8
What is the units digit of 1028083160?
0
What is the hundred thousands digit of 89798563?
7
What is the hundred thousands digit of 2002455882?
4
What is the tens digit of 6294810969?
6
What is the hundred thousands digit of 43375101?
3
What is the tens digit of 3512450?
5
What is the ten millions digit of 38433676?
3
What is the tens digit of 49740947?
4
What is the units digit of 2119660628?
8
What is the hundred millions digit of 1261983387?
2
What is the hundreds digit of 8572765468?
4
What is the hundred millions digit of 5280726237?
2
What is the hundreds digit of 58637973?
9
What is the hundred thousands digit of 206111081?
1
What is the ten thousands digit of 54350559?
5
What is the hundreds digit of 187276291?
2
What is the hundred millions digit of 389699565?
3
What is the ten thousands digit of 387757441?
5
What is the hundred millions digit of 185375762?
1
What is the millions digit of 53385021?
3
What is the tens digit of 69237786?
8
What is the units digit of 236831600?
0
What is the hundred thousands digit of 143203653?
2
What is the millions digit of 416226921?
6
What is the ten millions digit of 65718257?
6
What is the tens digit of 148861894?
9
What is the hundred millions digit of 4968939002?
9
What is the ten thousands digit of 202296794?
9
What is the thousands digit of 13107647?
7
What is the ten millions digit of 229573634?
2
What is the ten millions digit of 633945813?
3
What is the hundred thousands digit of 371247738?
2
What is the millions digit of 4893026261?
3
What is the ten millions digit of 59887158?
5
What is the tens digit of 3164144898?
9
What is the ten thousands digit of 26139022?
3
What is the tens digit of 7638424?
2
What is the hundred thousands digit of 38230095?
2
What is the hundreds digit of 815788898?
8
What is the tens digit of 752557246?
4
What is the hundreds digit of 62298275?
2
What is the units digit of 199466497?
7
What is the tens digit of 52682565?
6
What is the hundred thousands digit of 1822035742?
0
What is the tens digit of 937057384?
8
What is the millions digit of 75710762?
5
What is the hundreds digit of 62440984?
9
What is the hundreds digit of 20430125?
1
What is the h